{"id":105,"date":"2012-06-08T17:28:32","date_gmt":"2012-06-08T17:28:32","guid":{"rendered":"http:\/\/arcs1800location.fr\/?page_id=105"},"modified":"2021-05-19T12:56:25","modified_gmt":"2021-05-19T12:56:25","slug":"comment-reserver","status":"publish","type":"page","link":"https:\/\/arcs1800location.fr\/?page_id=105","title":{"rendered":"COMMENT RESERVER ?"},"content":{"rendered":"<h2><span style=\"text-decoration: underline;\"><span style=\"color: #999999;\"><em><strong>Modalit\u00e9s de r\u00e9servation<\/strong><\/em><\/span><\/span><\/h2>\n<p>Vous avez \u00e9t\u00e9 s\u00e9duit par notre duplex,<\/p>\n<p>Si vous souhaitez mettre une option sur une semaine merci, apr\u00e8s un contact t\u00e9l\u00e9phonique\u00a0de me faire parvenir un courriel en pr\u00e9cisant les dates de location souhait\u00e9es, ainsi que le nombre d\u2019occupants de l\u2019appartement, ainsi que leur \u00e2ge<\/p>\n<p>Nous vous adresserons alors le contrat de location par retour de mail.<\/p>\n<p>Vous disposerez alors de 8 jours pour\u00a0nous\u00a0faire parvenir les arrhes (uniquement par ch\u00e8que ou virement, nous n&rsquo;acceptions pas les ch\u00e8ques vacances)\u00a0ainsi que le contrat d\u00fbment rempli. durant ces 8 jours le duplex vous sera pr\u00e9-r\u00e9serv\u00e9.<\/p>\n<p>**********<\/p>\n<p><strong>EXTRAIT DES CONDITIONS DE LOCATION<br \/>\n<\/strong>(modifications valables \u00e0 partir de la saison hiver 2020\/2021)<\/p>\n<p>Le loyer annonc\u00e9 comprend :<\/p>\n<ul>\n<li>la location de l\u2019appartement,<\/li>\n<li>la mise \u00e0 disposition d\u2019une place de stationnement privative\u00a0au parking des Villards<\/li>\n<li>la mise \u00e0 disposition d&rsquo;un cellier\/casier \u00e0 skis<\/li>\n<li>Intervention de notre femme de m\u00e9nage en fin de s\u00e9jour<\/li>\n<li>Connexion wifi haut d\u00e9bit<\/li>\n<\/ul>\n<p>Pour \u00e9viter les bouchons, la location prend effet du DIMANCHE 17 heures au DIMANCHE suivant 10 heures.<\/p>\n<div><\/div>\n<div>**********<\/div>\n<p>La r\u00e9servation est valid\u00e9e \u00e0 r\u00e9ception du contrat de location sign\u00e9 et du r\u00e8glement des Arrhes :<strong>\u00a030 % du montant du loyer qui seront encaiss\u00e9s par le loueur.<br \/>\n<\/strong><\/p>\n<p>Le solde du Loyer doit \u00eatre r\u00e9gl\u00e9 dans le mois pr\u00e9c\u00e9dant la date d\u2019entr\u00e9e dans les lieux.<\/p>\n<p>Si la r\u00e9servation a lieu moins de 30 jours avant le d\u00e9but du s\u00e9jour la totalit\u00e9 de la somme doit \u00eatre vers\u00e9e lors de la r\u00e9servation.<\/p>\n<p><strong>Le solde<\/strong>, ainsi qu\u2019un <strong>d\u00e9p\u00f4t de garantie<\/strong> de 1500 euros (par ch\u00e8que non encaiss\u00e9) devront \u00eatre vers\u00e9s <strong>30 \u00a0jours<\/strong> avant\u00a0 le d\u00e9but du s\u00e9jour.<\/p>\n","protected":false},"excerpt":{"rendered":"<p>Modalit\u00e9s de r\u00e9servation Vous avez \u00e9t\u00e9 s\u00e9duit par notre duplex, Si vous souhaitez mettre une option sur une semaine merci, [&hellip;]<\/p>\n","protected":false},"author":1,"featured_media":0,"parent":0,"menu_order":0,"comment_status":"closed","ping_status":"closed","template":"","meta":{"footnotes":""},"class_list":["post-105","page","type-page","status-publish","hentry"],"_links":{"self":[{"href":"https:\/\/arcs1800location.fr\/index.php?rest_route=\/wp\/v2\/pages\/105","targetHints":{"allow":["GET"]}}],"collection":[{"href":"https:\/\/arcs1800location.fr\/index.php?rest_route=\/wp\/v2\/pages"}],"about":[{"href":"https:\/\/arcs1800location.fr\/index.php?rest_route=\/wp\/v2\/types\/page"}],"author":[{"embeddable":true,"href":"https:\/\/arcs1800location.fr\/index.php?rest_route=\/wp\/v2\/users\/1"}],"replies":[{"embeddable":true,"href":"https:\/\/arcs1800location.fr\/index.php?rest_route=%2Fwp%2Fv2%2Fcomments&post=105"}],"version-history":[{"count":12,"href":"https:\/\/arcs1800location.fr\/index.php?rest_route=\/wp\/v2\/pages\/105\/revisions"}],"predecessor-version":[{"id":1208,"href":"https:\/\/arcs1800location.fr\/index.php?rest_route=\/wp\/v2\/pages\/105\/revisions\/1208"}],"wp:attachment":[{"href":"https:\/\/arcs1800location.fr\/index.php?rest_route=%2Fwp%2Fv2%2Fmedia&parent=105"}],"curies":[{"name":"wp","href":"https:\/\/api.w.org\/{rel}","templated":true}]}}